the remainder when 14462 is divided by 499.
490
What is the remainder when 650336 is divided by 108389?
2
What is the remainder when 11160 is divided by 707?
555
Calculate the remainder when 234849 is divided by 385.
384
What is the remainder when 1719664 is divided by 14?
2
Calculate the remainder when 56086 is divided by 342.
340
Calculate the remainder when 30427 is divided by 168.
19
Calculate the remainder when 19882 is divided by 208.
122
What is the remainder when 1188 is divided by 265?
128
Calculate the remainder when 229276 is divided by 28.
12
Calculate the remainder when 550807 is divided by 223.
220
Calculate the remainder when 6436 is divided by 58.
56
What is the remainder when 677061 is divided by 311?
14
Calculate the remainder when 128765 is divided by 66.
65
What is the remainder when 8900 is divided by 88?
12
Calculate the remainder when 18967 is divided by 102.
97
What is the remainder when 22204 is divided by 31?
8
Calculate the remainder when 363361 is divided by 27.
22
Calculate the remainder when 172972 is divided by 54.
10
Calculate the remainder when 7826 is divided by 776.
66
Calculate the remainder when 2343 is divided by 44.
11
Calculate the remainder when 127619 is divided by 57.
53
Calculate the remainder when 139992 is divided by 7.
6
What is the remainder when 653 is divided by 388?
265
Calculate the remainder when 994321 is divided by 31.
27
What is the remainder when 6148685 is divided by 52?
49
What is the remainder when 3813 is divided by 3798?
15
Calculate the remainder when 330628 is divided by 29.
28
What is the remainder when 16261 is divided by 3246?
31
Calculate the remainder when 7782 is divided by 966.
54
What is the remainder when 260 is divided by 251?
9
Calculate the remainder when 24674 is divided by 91.
13
Calculate the remainder when 609419 is divided by 30.
29
What is the remainder when 32114 is divided by 15?
14
Calculate the remainder when 16896 is divided by 4209.
60
What is the remainder when 1096 is divided by 347?
55
What is the remainder when 20398 is divided by 101?
97
Calculate the remainder when 8462 is divided by 146.
140
Calculate the remainder when 147 is divided by 20.
7
Calculate the remainder when 6077 is divided by 226.
201
Calculate the remainder when 856 is divided by 123.
118
What is the remainder when 30425 is divided by 48?
41
Calculate the remainder when 32524 is divided by 15.
4
Calculate the remainder when 108415 is divided by 4516.
31
What is the remainder when 20457 is divided by 9783?
891
What is the remainder when 16631 is divided by 88?
87
Calculate the remainder when 176501 is divided by 2558.
2557
What is the remainder when 2491 is divided by 15?
1
What is the remainder when 5095 is divided by 186?
73
What is the remainder when 36112 is divided by 1718?
34
Calculate the remainder when 81359 is divided by 207.
8
What is the remainder when 2982 is divided by 197?
27
Calculate the remainder when 6955 is divided by 110.
25
What is the remainder when 391325 is divided by 34?
19
Calculate the remainder when 48021 is divided by 87.
84
Calculate the remainder when 465 is divided by 82.
55
Calculate the remainder when 2508 is divided by 61.
7
Calculate the remainder when 11115 is divided by 51.
48
Calculate the remainder when 42808 is divided by 1126.
20
Calculate the remainder when 1792547 is divided by 986.
985
Calculate the remainder when 96406 is divided by 115.
36
What is the remainder when 4277 is divided by 47?
0
What is the remainder when 67860 is divided by 465?
435
What is the remainder when 1695405 is divided by 528?
525
What is the remainder when 604 is divided by 121?
120
Calculate the remainder when 327474 is divided by 30.
24
Calculate the remainder when 24130 is divided by 4018.
22
What is the remainder when 1125 is divided by 922?
203
What is the remainder when 10433 is divided by 111?
110
What is the remainder when 153654 is divided by 55?
39
What is the remainder when 1883 is divided by 323?
268
Calculate the remainder when 47241 is divided by 70.
61
What is the remainder when 1298 is divided by 1079?
219
What is the remainder when 110308 is divided by 47?
46
Calculate the remainder when 95409 is divided by 965.
839
What is the remainder when 3635 is divided by 23?
1
What is the remainder when 8673 is divided by 728?
665
Calculate the remainder when 10573 is divided by 1509.
10
Calculate the remainder when 3817 is divided by 1.
0
What is the remainder when 4907 is divided by 196?
7
What is the remainder when 7986 is divided by 2598?
192
Calculate the remainder when 13335 is divided by 394.
333
Calculate the remainder when 4184 is divided by 1386.
26
What is the remainder when 6513 is divided by 436?
409
Calculate the remainder when 12523 is divided by 56.
35
Calculate the remainder when 287389 is divided by 15962.
73
What is the remainder when 526404 is divided by 1957?
1928
What is the remainder when 2980 is divided by 460?
220
Calculate the remainder when 3605 is divided by 104.
69
What is the remainder when 2069 is divided by 516?
5
Calculate the remainder when 105368 is divided by 5267.
28
What is the remainder when 23857 is divided by 97?
92
What is the remainder when 12493 is divided by 4148?
49
What is the remainder when 5213 is divided by 1531?
620
What is the remainder when 145037 is divided by 43?
41
Calculate the remainder when 65147 is divided by 341.
16
What is the remainder when 135429 is divided by 36?
33
What is the remainder when 25845 is divided by 27?
6
What is the remainder when 106743 is divided by 11860?
3
What is the remainder when 409498 is divided by 75?
73
What is the remainder when 215241 is divided by 12?
9
What is the remainder when 1071 is divided by 1050?
21
Calculate the remainder when 402071 is divided by 34.
21
Calculate the remainder when 947 is divided by 135.
2
What is the remainder when 2613 is divided by 62?
9
Calculate the remainder when 4556448 is divided by 10.
8
What is the remainder when 145229 is divided by 11?
7
Calculate the remainder when 51165 is divided by 12791.
1
What is the remainder when 17512 is divided by 11?
0
Calculate the remainder when 14607 is divided by 321.
162
Calculate the remainder when 588939 is divided by 2010.
9
Calculate the remainder when 2126 is divided by 1055.
16
What is the remainder when 6117 is divided by 1981?
174
Calculate the remainder when 9925 is divided by 231.
223
Calculate the remainder when 146518 is divided by 230.
8
What is the remainder when 291 is divided by 68?
19
What is the remainder when 10219 is divided by 638?
11
What is the remainder when 94775 is divided by 213?
203
What is the remainder when 298233 is divided by 99405?
18
Calculate the remainder when 5717 is divided by 1872.
101
What is the remainder when 1999 is divided by 70?
39
Calculate the remainder when 5653392 is divided by 1273.
1272
What is the remainder when 26963 is divided by 2995?
8
What is the remainder when 11864 is divided by 422?
48
What is the remainder when 72519 is divided by 18?
15
What is the remainder when 691 is divided by 58?
53
What is the remainder when 252684 is divided by 950?
934
Calculate the remainder when 211827 is divided by 37.
2
What is the remainder when 101639 is divided by 154?
153
What is the remainder when 431493 is divided by 34?
33
What is the remainder when 326933 is divided by 35?
33
Calculate the remainder when 19052 is divided by 10.
2
What is the remainder when 2501 is divided by 109?
103
Calculate the remainder when 8757 is divided by 191.
162
Calculate the remainder when 2349 is divided by 182.
165
Calculate the remainder when 729401 is divided by 32.
25
Calculate the remainder when 113153 is divided by 290.
53
What is the remainder when 17275 is divided by 8624?
27
Calculate the remainder when 149449 is divided by 45.
4
What is the remainder when 437470 is divided by 307?
302
Calculate the remainder when 28514 is divided by 1778.
66
Calculate the remainder when 65551 is divided by 33.
13
Calculate the remainder when 30597 is divided by 51.
48
What is the remainder when 52162 is divided by 99?
88
What is the remainder when 141984 is divided by 2184?
24
Calculate the remainder when 511983 is divided by 9.
0
What is the remainder when 1618 is divided 